Let a be g/2*(-9)/(-6). Suppose 0 = -a*l - w + 952, -4*l + 2*l + w = -633. Is l composite?
False
Suppose 0 = -7*z + 3982 - 97. Suppose 1 = -d, 0 = 4*h - 2*d + 846 + 16. Let c = h + z. Is c a prime number?
False
Let h(f) = -36841*f + 3485. Is h(-20) prime?
False
Is -26 - ((-41900672)/8)/16 prime?
False
Let i be (-20637)/((-5)/(50/15)). Suppose -i = 6*p - 12*p. Is p a prime number?
True
Suppose 3*a + 100*a - 32410029 = 21219290. Is a a composite number?
True
Suppose 0 = -4*k - 2*b + 5498698, -1622*k = -1617*k - 5*b - 6873350. Is k a composite number?
False
Let v be ((-65)/15 - (-8)/(-12)) + 5095. Let z = v - 2631. Is z prime?
True
Let k = 2669016 + -1842581. Is k prime?
False
Let u(t) = -t + 14. Suppose -3*i + 5*k - 24 - 25 = 0, -5*k + 25 = 0. Let w be u(i). Suppose -w*p + 18*p = -508. Is p a prime number?
True
Let z = 61429 + -10374. Is z composite?
True
Suppose -89*c + 4386360 = -272879. Is c a composite number?
True
Suppose 0 = 5*h - 3*f - 408985, -5*f - 159601 = 4*h - 486752. Is h prime?
False
Suppose -44 - 229 = -x. Let v be 12/9*(-543)/2. Is x/(-26)*v/3 a composite number?
True
Let y = 13 + -11. Suppose 0*q - y*q + 418 = 4*j, -5*j = -2*q - 518. Let k = j + 603. Is k prime?
False
Suppose 98*u - 11175210 = 8*u. Is u a prime number?
False
Let c(y) = -2*y**3 + 3*y + 2. Let z be c(0). Suppose -3*q - 4 = 5*o, -z*o = 5*q + 8 + 5. Is (-1960)/q + (-9)/27 composite?
False
Let y = 173349 - 87008. Is y prime?
True
Suppose 59*f - 4*b + 2016265 = 62*f, -f + 2*b + 672065 = 0. Is f composite?
False
Let u(r) = 296*r**3 + 5*r**2 - 13*r + 9. Is u(2) a composite number?
False
Let t = 1525 + 208. Is t a prime number?
True
Suppose 4*l - 4*s = -401 + 2213, -2*s = -l + 458. Suppose -5*z = l - 2283. Suppose z = 2*k - 675. Is k a prime number?
True
Let o be (-32)/(-20)*(-5)/(-2). Suppose 2*h = o*h. Suppose 0*m + 4*m - 2*a - 996 = h, 486 = 2*m - 4*a. Is m prime?
True
Suppose 5*x - 20715 = d, 15*d = 3*x + 17*d - 12416. Let a = 6927 - x. Is a a composite number?
True
Let u be (-1 + 6 - 5) + 6/(-3). Is (u - (0 - -14099))/(3/(-3)) composite?
True
Let y(r) = r**3 + 17*r**2 + 25*r + 139. Let o be y(-16). Let d = o - -4552. Is d a composite number?
False
Suppose -1248 = 4*c + 4*z, 5*c + 3*z = 3*c - 620. Let f = c + 2075. Is f composite?
False
Let f(w) = w**2 - 3*w + 31. Suppose 0 = z + 4*o - 9, -3*z - 24 = 2*o - 1. Is f(z) a composite number?
True
Suppose 3*j - 172133 - 3733 = -2*c, 0 = -5*j + 20. Suppose 0 = 28*u - 7469 - c. Is u a prime number?
True
Let b(d) be the third derivative of -19*d**4/24 - 25*d**3/3 + 7*d**2. Let x(i) = -19*i - 50. Let s(u) = 5*b(u) - 6*x(u). Is s(21) prime?
True
Let c be (-261)/(-12) - (-3)/12. Suppose -c = -2*f + 10. Is (1 - 5)*(-1420)/f composite?
True
Let k be (56/(-12) - -4)*-21. Is ((-24204)/24 + -1)/((-3)/k) a prime number?
False
Let r = 408 - -3006. Let l = 6199 - r. Is l composite?
True
Let b(y) = 74*y**2 + 6*y + 1. Let o be b(-4). Let l be 2706/492 - 2*(-2)/(-8). Suppose 581 = k + 2*w, k + k + l*w = o. Is k a prime number?
False
Let z(i) = i**3 + 37*i**2 - 6*i + 39. Let x be z(-37). Is (3 - (-2275)/(-21))*x/(-12) a prime number?
False
Let x(m) = 6826*m - 2913. Is x(7) a composite number?
True
Suppose -28*t = -27*t - 2756. Suppose -5*q - t - 129 = 5*w, -573 = q + 5*w. Let p = -207 - q. Is p a composite number?
True
Suppose -727 + 3067 = 4*z. Is (-6 - -16 - 6) + z a composite number?
True
Suppose 10*w - 20 - 30 = 0. Suppose -8*u = -w*d - 5*u + 17509, -u + 14014 = 4*d. Is d prime?
False
Suppose 4*h - 8*h - 14 = 2*s, 0 = -4*h - 12. Let p(c) = -51*c**2 - 704*c**3 + 53*c**2 + 2 + 409*c**3 + 4*c. Is p(s) prime?
False
Suppose 6*d + 1895 = 5. Is (-3649815)/d - (-2)/7 a composite number?
False
Let w be (-14947)/(-5) + 2 - 6/(-10). Suppose g + 2002 + 1006 = 4*c, -4*c + w = 3*g. Is c a composite number?
False
Let f(x) = -257*x + 28. Let u be f(-10). Let j = -1061 + u. Is j prime?
False
Let a(d) be the third derivative of 37*d**5/15 + d**4/6 - 29*d**3/6 + 52*d**2 + 1. Is a(9) a composite number?
True
Let v(g) = 4658*g - 42. Let o be v(3). Let s = o + -7921. Is s composite?
False
Let l = 24864 - 2533. Is l a composite number?
True
Let d(h) = h + 2. Let t(v) = -13*v**2 + 28*v - 14. Let c(u) = -2*d(u) - t(u). Is c(-9) prime?
False
Let k(i) = i**2 - 2*i - 6. Suppose 8*c - 3 = 7*c. Let a be k(c). Is ((-163)/3)/(a*(-2)/(-36)) a composite number?
True
Is 7383104/112 + 3*5/105*3 composite?
False
Suppose -49*m + 2129883 = m - m. Is m composite?
True
Suppose -6*g = -5*b + 1031, -b + g = 5*g - 227. Is b a prime number?
True
Let x(s) = 2*s**3 - 9*s**2 - 6*s + 10. Let g be x(5). Suppose 19 = r + 2*p - g, -5*r = 4*p - 90. Suppose 18*t - 7012 = r*t. Is t a prime number?
True
Let d(t) = 6*t**3 + 29*t**2 - 22*t - 109. Is d(20) prime?
True
Suppose -2*u + 4*b = -5170782, -2*b = -327*u + 323*u + 10341576. Is u composite?
True
Suppose -18*s + 21 = -11*s. Suppose -2*g = b + 2*g - 46, -93 = -3*b - s*g. Is 192/(-15)*(-4 - b) - 2 composite?
True
Let p = -40 - -36. Let i be p + (-6 + 10 - (-1 - -2)). Is (-6)/(-4)*i*10420/(-15) prime?
False
Let a(r) = 718*r + 35. Let q(k) = 359*k + 17. Let n(v) = 6*a(v) - 11*q(v). Is n(6) prime?
False
Let j be (2 - 5) + 8 + -3 + 1. Suppose -4*r = 2*u - j*r - 287, 5*u - 2*r = 722. Let t = 218 - u. Is t a composite number?
True
Let o = 38 - 59. Let r = 26 + o. Suppose -5*l = -w - 341, r*w - 189 - 176 = -5*l. Is l composite?
True
Let c = 6 - -62. Let t = c + -75. Let f(r) = -65*r - 16. Is f(t) a prime number?
True
Let l(h) = -h**3 + 9*h**2 - 5*h + 9. Let w be l(8). Let f = w + -20. Suppose 0 = -f*y + y + 15132. Is y prime?
False
Let r(d) be the third derivative of 1/12*d**4 - 1/2*d**3 + 0 + 0*d + 17*d**2 + 227/10*d**5. Is r(1) prime?
True
Let b(g) be the first derivative of 22338*g**2 - 59*g - 321. Is b(1) composite?
False
Let p be (2396/3)/(-4)*3. Let m be (-5)/60*-4 - 28070/(-30). Let w = m + p. Is w a composite number?
False
Let p(o) = 5754*o + 18. Let b be p(4). Suppose -12*z + 18*z = b. Is z composite?
True
Let c = 138159 + -27673. Is c a composite number?
True
Let k = 35715 - 74774. Let n = -24838 - k. Is n a prime number?
True
Is (4 - -7 - 12)/((-4)/576092) a composite number?
True
Suppose -h + 12 = v - 4*h, -16 = -4*h. Suppose v*a + 39735 = 33*a. Is a prime?
False
Let o be (-8*110/1056)/(1/(-6)). Suppose 0 = -3*i - 5 + 35. Suppose i*r = o*r + 28315. Is r prime?
False
Suppose -48342 = -218*s + 204*s. Is s a prime number?
False
Suppose -2*h + 27 = 7*h. Suppose -i = -h*q + 39, -i - 26 = -q - 5*i. Suppose 15*p - 887 = q*p. Is p a prime number?
True
Let v = 307 - 310. Is 894/v*4/16*-2 a prime number?
True
Suppose -5*q = 3*v - 20, -2*v + q + 7 = -2*q. Suppose -4*k - i + 5122 = i, -k + v*i + 1308 = 0. Is k composite?
False
Suppose 2*h = -5*o + 820063, -4*o - 2050009 = -93*h + 88*h. Is h composite?
False
Let n(p) = -3*p - 25. Let g be n(-10). Suppose 3*k = 4*o - 14971, 2916 + 4537 = 2*o + g*k. Is o a composite number?
False
Suppose -u - 3 = 0, 5*u + 42 = -5*c + 132. Let a be (-135)/c - -6 - (-36)/(-14). Is (-52712)/(-12) + (a - (-10)/3) a prime number?
False
Suppose -r + 0 = -5. Suppose -3*w = 5*s - 6*w + 3024, 5*s + 3020 = r*w. Let u = s - -943. Is u a prime number?
True
Let h = -2128 - -29961. Is h composite?
True
Let x be (-8)/(-16)*(9302 + -2). Suppose 2*s = 4*h - 13700, 2*h + 2*s - x = 2212. Is h prime?
False
Let i = -11 + 7. Let o(u) = -u**3 - 4*u**2 - 3*u - 12. Let c be o(i). Suppose y = -5*z + 734, -4*y - z + 0*z + 2879 = c. Is y composite?
False
Let d(k) = 1191*k - 2. Suppose 0 = -10*g + 2 - 22. Let i(w) = w**3 - 5*w - 1. Let m be i(g). Is d(m) prime?
False
Let q be (16 - 14)/((-1)/18905). Let k = -23529 - q. Is k a composite number?
False
Suppose -4*f + 5*f = 4*k + 47227, f = -4*k + 47275. Is f composite?
False
Let f = -2 + -36. Let r = -34 - f. Is 0 - -453 - 16/r composite?
False
Let a be (-1 - 0 - -2) + 20/10. Let g(h) = -3*h + 8. Let k be g(a). Is (k/(-3))/((-14)/(-92526)) a composite number?
False
Is 3531733/(1 - -16) - 6 composite?
False
Let i = 162372 - 37331. Is i prime?
False
Let q = -345 - -349. Suppose 0 = w - 4*p - 0*p - 20816, w + 2*p = 20804. Suppose -q*b + w + 716 = 0. Is b a composite number?
False
Let u = 160 - -3485. Suppose 3*r - u = 7716. Is r composite?
True
Let w be ((-1926)/(-792) + (-2)/11)*1104. Is (-402)/